 q(0).
11
Let h(w) = -w**3 + 6*w**2 + 10*w + 10. Give h(8).
-38
Let v(x) = -4*x. Give v(-1).
4
Let c(z) = 4*z + 22. Calculate c(-6).
-2
Let c(o) = -56*o - 3. Determine c(1).
-59
Let t(f) = -f**2 - 51*f - 96. What is t(-2)?
2
Let n(t) = -t**3 + t**2 + 4*t - 1. Calculate n(3).
-7
Let r(c) = -21*c**2 - 12*c + 11. Determine r(1).
-22
Let s(x) = -23*x**2 - x. What is s(-1)?
-22
Let h(c) = 3*c**2 + 18*c - 6. Calculate h(-6).
-6
Let p(h) = 6*h + 277. Determine p(-46).
1
Let r(o) = -o**2 + 24*o - 67. Calculate r(4).
13
Let g(a) = -a + 6. What is g(6)?
0
Let h(j) = j**3 + j**2 - 6. Determine h(0).
-6
Let n(c) = 2*c**2 - 7*c - 5. What is n(6)?
25
Let k(s) = s**3 - 16*s**2 + 15*s + 3. Give k(15).
3
Let x(y) = y**3 - 4*y**2 + 5*y - 10. Determine x(3).
-4
Let v(k) = -11*k - 101. What is v(-11)?
20
Let u(o) = -2*o + 3. Calculate u(0).
3
Let s(x) = -8*x**3 + x**2 - 1. What is s(1)?
-8
Let x(h) = -h**2 + 80*h - 1028. Give x(16).
-4
Let p(c) = c**3 - 9*c**2 - 9*c - 3. Determine p(10).
7
Let o(q) = 2*q**2 + 81*q + 120. Calculate o(-39).
3
Let h(y) = y**3 - 3*y**2 - 2*y + 5. Give h(3).
-1
Let j(s) = 2*s - 3. What is j(2)?
1
Let v(o) = -o**3 - 14*o**2 + 14*o - 3. What is v(-15)?
12
Let p(u) = -7*u - 5. Give p(-2).
9
Let d(w) = -3*w + 9. Determine d(1).
6
Let u(g) = -9*g - 3. Determine u(-4).
33
Let l(q) = -10*q - 49. Give l(-5).
1
Let i(x) = -7*x + 57. What is i(8)?
1
Let i(z) = 8*z**2 - z. Determine i(1).
7
Let x(q) = -q**3 - 4*q**2 - 6*q + 1. Determine x(-5).
56
Let u(r) = 9*r**2 + 2*r - 6. Determine u(2).
34
Let s(h) = -9*h - 5. Give s(-1).
4
Let v(b) = 2*b**2 + 8*b - 29. Calculate v(2).
-5
Let t(x) = -10*x - 31. Calculate t(-5).
19
Let w(z) = -z**3 - 6*z**2 + z - 5. Determine w(-6).
-11
Let m(z) = -z**3 + 3*z**2 + 6*z - 5. Calculate m(4).
3
Let j(p) = -p - 2. Calculate j(-8).
6
Let x(u) = -u**3 - 17*u**2 + 39*u + 19. Give x(-19).
0
Let x(l) = -l**3 - 8*l**2 - 9*l - 3. Give x(-7).
11
Let h(q) = -5*q - 87. What is h(-18)?
3
Let i(x) = -x**2 - 20*x + 67. Determine i(-24).
-29
Let a(d) = d**2 - 19. Calculate a(0).
-19
Let s(r) = -r**3 - 7*r**2 - 3*r - 10. Determine s(-7).
11
Let q(j) = -6*j**2 + j - 1. What is q(-1)?
-8
Let k(g) = g**2 - 2*g + 7. Give k(0).
7
Let z(x) = 5*x**2 - 122*x - 76. Calculate z(25).
-1
Let x(a) = -4*a**2 - 120*a - 93. Give x(-29).
23
Let r(t) = t**3 - 14*t**2 - 17*t + 20. Give r(15).
-10
Let z(s) = -s**2 + 98*s + 844. What is z(-8)?
-4
Let w(h) = h**2 + 17*h - 87. Determine w(-21).
-3
Let j(f) = f**3 - 55*f**2 + 106*f - 2. Calculate j(53).
-2
Let f(o) = o**3 - 16*o**2 + 24. What is f(16)?
24
Let g(b) = b**2 + 14*b - 22. What is g(-15)?
-7
Let d(r) = r + 2. Determine d(7).
9
Let t(n) = -3*n - 24. Calculate t(-8).
0
Let l(t) = 6*t + 19. Give l(-7).
-23
Let j(y) = -y**2 + 11*y - 20. Calculate j(2).
-2
Let o(k) = 4*k**3 + 3*k**2 - 5*k - 4. What is o(-3)?
-70
Let l(h) = h**3 + h**2 + 5*h - 6. Give l(0).
-6
Let u(t) = 7*t + 15. Give u(-7).
-34
Let r(v) = -30*v + 113. Calculate r(6).
-67
Let o(f) = -112*f + 1. What is o(1)?
-111
Let l(y) = 5*y + 28. Determine l(-5).
3
Let m(k) = 7*k - 48. Determine m(5).
-13
Let d(i) = -i**3 + 3*i**2 + i - 7. Give d(5).
-52
Let v(j) = 7*j + 7. Give v(-3).
-14
Let u(v) = 2*v**2 - 6*v - 13. Give u(7).
43
Let o(k) = 9*k + 1. What is o(1)?
10
Let y(b) = b**2 + 6*b - 13. Calculate y(-4).
-21
Let i(m) = m**3 + 8*m**2 + 13*m - 12. What is i(-5)?
-2
Let l(y) = 20*y**3 + 2*y + 1. Give l(-1).
-21
Let l(y) = y**3 - 5*y**2 - 9*y + 6. Calculate l(6).
-12
Let o(m) = 3*m + 23. Give o(15).
68
Let v(u) = 16*u**2 - 17*u. Determine v(1).
-1
Let o(i) = 10*i**2 + 1. What is o(-1)?
11
Let r(b) = b**3 + 14*b**2 + 13*b - 15. What is r(-13)?
-15
Let a(k) = k**3 + 22*k**2 - k + 21. Calculate a(-22).
43
Let z(t) = 30*t**2 - t. Give z(-1).
31
Let x(d) = 3*d**2 + 32*d - 16. Give x(-11).
-5
Let p(n) = n**3 - 12*n**2 - n - 31. What is p(12)?
-43
Let c(n) = -4*n**2 - 7. Calculate c(-3).
-43
Let r(d) = -15*d - 42. Determine r(-8).
78
Let f(b) = 11*b**3 + 2*b + 1. Calculate f(-1).
-12
Let d(w) = -w**2 - 5*w + 43. What is d(9)?
-83
Let b(f) = 2*f**3 + 3*f**2 - 8*f - 23. Give b(-2).
-11
Let r(l) = -l**2 + 5*l - 7. Determine r(5).
-7
Let o(r) = -r**3 - 6*r**2 + 8*r - 3. Calculate o(-7).
-10
Let k(s) = s**3 - 8*s**2 + 4*s + 6. What is k(7)?
-15
Let y(c) = 10*c**3 - 2*c + 1. Determine y(1).
9
Let g(j) = 22*j - 30. What is g(1)?
-8
Let i(y) = -6*y**2 + 3*y. Give i(3).
-45
Let y(h) = h**3 - 3*h**2 - 7*h + 9. Calculate y(1).
0
Let g(h) = h**2 + 23*h + 19. What is g(-22)?
-3
Let a(z) = -z**3 - 4*z**2 - z - 4. Give a(-3).
-10
Let z(r) = 16*r - 51. Determine z(3).
-3
Let p(u) = -43*u - 421. Determine p(-10).
9
Let w(m) = m**3 - 6*m**2 + 4*m + 18. Determine w(5).
13
Let y(v) = -v**2 + 9*v - 21. Determine y(5).
-1
Let s(i) = -i**2 - 4*i + 2. What is s(4)?
-30
Let z(q) = q**2 + 5*q + 9. Calculate z(-4).
5
Let l(j) = 25*j + 292. What is l(-11)?
17
Let f(m) = 17*m**3 - 2*m**2 + 1. Determine f(1).
16
Let r(o) = 5*o - 34. Determine r(9).
11
Let d(q) = q**2 - 3*q - 35. Determine d(-5).
5
Let n(o) = -o**3 - 6*o**2 - 7*o - 7. Determine n(-3).
-13
Let r(f) = f**2 - 15*f + 1. Calculate r(14).
-13
Let s(d) = 2*d - 2. Give s(4).
6
Let g(i) = -i**3 + 18*i**2 - 13*i + 12. What is g(17)?
80
Let o(q) = -q**2 - 3*q + 3. Calculate o(-4).
-1
Let y(g) = -2*g**2 - g - 11. Calculate y(-7).
-102
Let h(y) = y**3 - 4*y**2 - 4*y - 8. Give h(5).
-3
Let x(a) = 2*a**3 - 10*a**2 - 15*a + 2. Determine x(6).
-16
Let c(y) = 8*y - 66. Give c(9).
6
Let t(b) = b**3 - 3*b**2 - 21*b - 3. Give t(6).
-21
Let v(j) = -2*j**2 - 62*j + 52. Determine v(-32).
-12
Let r(a) = 10*a + 4. What is r(-2)?
-16
Let j(h) = -2*h**2 - 5*h - 9. Determine j(-4).
-21
Let f(u) = u**3 - 4*u**2 - 9*u + 8. Calculate f(6).
26
Let h(o) = -o**3 + o**2 + 5*o - 7. Give h(4).
-35
Let s(b) = -b + 7. What is s(6)?
1
Let y(o) = -o**2 - 29*o - 2. Give y(-29).
-2
Let b(v) = -v**2 - 24*v + 88. Determine b(-27).
7
Let m(r) = 3*r**2 + 34*r + 24. Calculate m(-10).
-16
Let o(s) = -62*s**2 - 63*s. What is o(-1)?
1
Let y(z) = -z**3 + 14*z**2 + 34*z - 29. What is y(16)?
3
Let h(b) = 3*b + 32. Determine h(-11).
-1
Let c(g) = 5*g + 9. Give c(-10).
-41
Let n(m) = m**3 - 47*m**2 - 151*m + 51. Calculate n(50).
1
Let q(u) = u**3 + 8*u**2 + 3*u + 1. Determine q(-4).
53
Let v(l) = l**3 + 11*l**2 - 13*l - 24. Determine v(-12).
-12
Let s(t) = -2*t + 5. Calculate s(0).
5
Let d(s) = s + 9. Determine d(7).
16
Let r(c) = -3*c**2 - 4*c + 3. What is r(1)?
-4
Let n(c) = -c + 2. Determine n(-4).
6
Let h(o) = 19*o**2 - 1. Determine h(-1).
18
Let r(l) = -2*l**3 - 15*l**2 - 12*l - 10. Determine r(-7).
25
Let f(a) = a**3 - 2*a**2 - 24*a + 4. What is f(-4)?
4
Let a(t) = -t + 12. Calculate a(8).
4
Let a(y) = -y**3 + 4*y**2 - 4*y + 5. What is a(4)?
-11
Let l(g) = g**3 + 7*g**2 - 3*g - 8. Give l(-7).
13
Let b(f) = 4*f - 81. Calculate b(17).
-13
Let u(r) = 14*r + 3. Give u(3).
45
Let w(q) = -2*q - 4. What is w(-10)?
16
Let i(c) = -60*c - 177. Give i(-3).
3
Let g(y) = 5*y - 5. What is g(-6)?
-35
Let c(w) = -w**3 - 2*w - 1. Determine c(-1).
2
Let n(k) = 15*k - 5. What is n(2)?
25
Let x(f) = -f**2 + 38*f - 69. Determine x(36).
3
Let n(u) = -100*u - 996. Give n(-10).
4
Let w(m) = -2*m**3 - 14*m**2 - 2*m - 4. What is w(-7)?
10
Let m(h) = h**3 + 6*h**2 + 7*h + 5. Calculate m(-4).
9
Let x(s) = s + 30. Calculate x(0).
30
Let g(y) = -y**2 - 19*y + 46. What is g(-21)?
4
Let q(o) = o**2 + 8*o + 9. Calculate q(-6).
-3
Let r(m) = 3*m - 5. Determine r(5).
10
Let y(v) = -4*v + 12. What is y(5)?
-8
Let y(z) = z**2 - 10*z + 4. What is y(8)?
-12
Let x(i) = -2*i + 3. Calculate x(1).
1
Let d(w) = w**3 - 16*w**2 + 15*w + 7. Determine d(15).
7
Let p(j) = -j + 14. What is p(12)?
2
Let t(c) = -c**3 - 25*c**2 - 2*c - 55. Calculate t(-25).
-5
Let k(s) = 2*s**2 + 5*s - 2. Give k(3).
31
Let g(r) = -r**3 + 11*r**2 - 3*r - 5. Calculate g(11).
-38
Let n(t) = t**2 + 4*t - 22. Determine n(-14).
118
Let a(d) = -d**2 + 25*d - 87. Give a(21).
-3
Let a(i) = i**3 + 5*i**2 - 16*i. Give a(-8).
-64
Let s(d) = -d**2 + 29*d - 130. Determine s(24).
-10
Let w(t) = t**3 + 25*t + 16. What is w(0)?
16
Let i(l) = 5*l - 26. Give i(11).
29
Let d(j) = j**2 + 16*j + 13. Determine d(-13).
-26
Let g(b) = -b**2 - 12*b - 14. Calculate g(-12).
-14
Let s(v) = -4*v**2 - 16*v + 2. Calculate s(-5).
-18
Let j(g) = g - 43. C